
Let h(l) = -l + 4. Let v(r) = -r**3 + 8*r**2 - 12*r + 30. Let q(c) = 6*c + 12. Let d be q(-2). Suppose d = 14*z - 41 - 57. Let w be v(z). Give h(w).
9
Let k(g) = g**2 + 5*g - 7. Suppose -3*z + 0 = -3, 0 = 2*u + 4*z - 12. Let d be 1*-2*18/u. What is k(d)?
29
Suppose m - 8 = 3*j, -5*j = -m - m + 14. Suppose 18 = 3*h - m*p, 22 = 2*h - p + 3*p. Let n(w) = -36 - 34 + 102 - 37 + 2*w. Determine n(h).
11
Let j(q) be the first derivative of 2*q**3/3 + 3*q**2/2 - 3*q - 2. Suppose 2*m + 14 = 4*a, m = -300*a + 303*a - 9. Determine j(m).
6
Let s(o) = o. Let r(x) = x**2 - 6*x. Let h(z) = r(z) + 5*s(z). Let u = 18328 + -18325. Calculate h(u).
6
Suppose 2*x + x = 4*p - 433, -2*x = 6. Let o(r) = 3*r - r + p - 88. What is o(-15)?
-12
Let f(x) = -x**3 + 12*x**2 - 14*x + 27. Suppose 48*s + 287 - 440 = 375. Give f(s).
-6
Let p(x) = -26*x + 10*x + 14 + 18*x. Let d(m) = -12*m**2 + 46*m + 1. Let w be d(4). What is p(w)?
0
Suppose -26 = -4*h + 6. Suppose -88 = -8*p - h. Let a(v) = 0*v - 5*v - v**3 + p*v**2 + 3 - 3*v**2. Determine a(6).
9
Let b(h) = -h**3 - 9*h**2 + 51*h - 33. Suppose 5*r - 82 = 4*f, 3*f + r + 48 = 15. Determine b(f).
-20
Let x(o) = 3*o**2 + 6*o - 14. Suppose 55*f = -14*f - 414. Calculate x(f).
58
Let j = 323 - 318. Let z be (-6)/5*20/(-4). Suppose -2*u = 3*r + 11, -r - j*u - 1 = -z. Let h(p) = p**2 + 5*p - 6. Determine h(r).
-6
Let a be ((-4)/(-12))/((-3)/81). Let l be ((-5)/(-15))/(-3 - 28/a). Let c(b) = -458*b + 460*b - 2*b**3 + 3 + l*b**2 + b**3. Determine c(3).
9
Let p(v) = 33 + v**3 + v - 2*v**3 - 10*v**2 - 2*v + 4*v. Calculate p(-10).
3
Let j(m) = 14 + 4*m**2 - 22 + 6*m - 3*m**2. Suppose -2*h + 2*x = 6, 9*h + 39 = 4*h - 3*x. What is j(h)?
-8
Let q(j) be the third derivative of 1/3*j**4 + 0*j - 25*j**2 + 7/6*j**3 + 0 - 1/60*j**5. Calculate q(7).
14
Let q(h) = -h**3 - 7*h**2 - 12*h. Let i(v) = 1 + 12*v**2 + 5*v**2 + 13*v - 3*v**2 + 9*v + 2*v**3. Let p(j) = 4*i(j) + 7*q(j). Give p(-6).
16
Suppose 2*z - 5 = -3*g, 171 = 5*g - 5*z + 221. Let w be (1 + 1)*(1 - -1). Let d(l) = -l + l**2 - 4*l**2 - 2*l + w. What is d(g)?
-14
Let z(x) = -3*x - x + 64 + x - 17 - 46. Let p be 4/(-14) + (-186)/(-14). Let i = -6 + p. Give z(i).
-20
Let f = 381 + -389. Let s = -42 - -46. Let h(b) = 3 + 0*b + 2*b + 2 + s. Calculate h(f).
-7
Let p(q) = q**2 - q - 11. Let g be (9 - 9 - 0)/(12/(-3) + 2). What is p(g)?
-11
Let x(f) = 1. Let p(j) = -2*j + 10. Let i(c) = p(c) - 3*x(c). Suppose 61 = 2*g - 5*u, -2*g - 3*u - 1 + 22 = 0. Let h = 23 - g. What is i(h)?
-3
Let k be ((-5)/(-5)*1 - 3)*-1. Let f(i) = 1120*i**k - 2 - 561*i**2 - 566*i**2 - i**3. Determine f(-7).
-2
Suppose -4*c + 12 = -4*g, -3*c - 2*c = g + 3. Suppose 5*h + 3*f = 356 - 0, c = -3*h + 4*f + 231. Let a = h - 72. Let y(o) = 11*o**2 - 2*o + 1. What is y(a)?
10
Let u(p) be the third derivative of -p**5/12 + 2*p**4/3 + 7*p**3/3 - 666*p**2. Determine u(7).
-119
Let k(h) = 95200*h**2 - 2 - 47641*h**2 - 25*h + 2*h**3 + 8 - 47608*h**2. Determine k(25).
6
Let k(n) = -5*n**2 + 4*n + 20. Let p(q) = -2*q**2 + q + 7. Suppose f + 11 = -s, 5*s - 9*s = 0. Let d(c) = f*p(c) + 4*k(c). Give d(-3).
6
Let y(j) = 514*j + 5150. Let u be y(-10). Let h(w) = w**2 - 7*w - 32. What is h(u)?
-2
Let g(b) = -14*b**2 - 73*b + 4. Let s(w) = w**2 + 4*w. Let d(c) = g(c) + 17*s(c). Give d(3).
16
Let z(c) = 115*c - 1. Let p(g) = 517*g - 3. Let n(o) = -2*p(o) + 9*z(o). Give n(11).
8
Let w(z) = 2 + 4*z**2 - 2*z**2 - 5 - 1 - 34*z. Let c be w(17). Let n(f) be the third derivative of -f**4/12 - f**3/6 - f**2. Determine n(c).
7
Let v = -6 - -9. Suppose -y - v - 9 = -5*w, 5*w - 8 = -y. Let a(g) = g**3 + 6*g + 4. Let c(x) = -7*x**3 - 41*x - 27. Let r(k) = 27*a(k) + 4*c(k). What is r(y)?
12
Suppose -5*u + 29 = 9. Suppose -a + 5*a = -u*a. Let p(w) = w**2 - w + 3. Calculate p(a).
3
Let h(n) = -2186*n - 3. Let j(k) = -3123*k - 4. Let z(i) = -10*h(i) + 7*j(i). Suppose 0*b = -4*b - 20. Determine z(b).
7
Let l(v) be the third derivative of -v**6/120 - 2*v**5/15 - 3*v**4/8 + 17*v**3/6 - 501*v**2 - v + 2. Give l(-6).
-1
Let o(g) = 14*g. Suppose -p = -3*b - 17 + 1, -3*p + 23 = -4*b. Calculate o(p).
14
Let o(l) = l**2 - 5*l + 5. Suppose -3*d + 9 + 10 = 4*f, -2 = -2*f. Suppose -d*n + 31 = 1. Give o(n).
11
Let r = -15 - -20. Suppose -4*i + 24 = -3*c, r*i + 2*c + 2 = 9. Let z(y) = 12*y - 8 + 5 + i. Determine z(-1).
-12
Let z(p) = -3*p + 1. Let r = -27 - -34. Let y be (1/21*r)/(1/(-6)). What is z(y)?
7
Let n(x) = -6*x - 153. Let l be n(-26). Let j(r) = r**l - 1 - 23597*r + 23606*r - r**2 + 10*r**2. Calculate j(-8).
-9
Let u(t) be the first derivative of -t**4/4 - 14*t**3/3 - 6*t**2 + 6*t + 2003. Give u(-13).
-7
Let i(d) = -d**3 - 5*d**2 + d - 2. Let m(s) = s**3 + 6*s**2 + 2*s - 3. Let r be m(-5). Let l be (-3)/2*((-8)/r - 0). Let c be 3 - 3 - 5/l. What is i(c)?
-7
Let a(q) be the first derivative of -q**3/3 + 7*q**2/2 - 3*q - 4461. Suppose 13 + 28 = 3*n + 4*c, -n + 12 = c. Give a(n).
-3
Let t(u) = -u**2 + 6*u + 25. Let d be (1/1*-9)/((-185)/185). Give t(d).
-2
Suppose -s + 2 + 0 = s. Let f(z) = 10*z**2 - z + 1. Calculate f(s).
10
Let v(s) = s**2 - 2*s - 2. Suppose 0 = -3*z, -4*z - 1 - 9 = -5*w. Suppose -5*i + w*r + 16 = 0, 7*i - 2*r - 4 = 5*i. Give v(i).
6
Let a(k) = 18*k. Let t(r) = -r**3 + 12*r**2 + 3*r + 134. Let x be t(13). What is a(x)?
72
Let u(s) = -4*s + 1. Let i be u(2). Let g(h) = -9*h**3 + 8*h**2 + 73. Let a(r) = -7*r**3 + 8*r**2 + r + 57. Let o(t) = -5*a(t) + 4*g(t). What is o(i)?
-7
Suppose 33 = p + 3*o, 3*o + 0*o + 132 = 4*p. Let w(v) = 2*v + v - 29 + p - 2*v. Calculate w(2).
6
Let t(a) be the first derivative of a**3/3 - 3*a**2 + 4*a + 49. What is t(3)?
-5
Let n(l) = -20*l + 2. Let d(h) = -13*h + 1. Let b(o) = -8*d(o) + 5*n(o). Let v(z) = -3*z - 3. Let r(k) = 4*b(k) + 5*v(k). Let q = 187 + -192. What is r(q)?
-12
Let n(c) be the first derivative of c**3 - 35*c**2/2 - 5*c + 5169. Give n(12).
7
Suppose 536*g = 505*g. Let x(s) = s + 9. Let o be x(-7). Let t(d) = 2 + o - 3 - d. What is t(g)?
1
Let z(x) be the first derivative of 58 - 8*x + 1/2*x**2. Give z(2).
-6
Let c(s) = -s**2 + 5*s - 15. Let w be (-62)/341 - (450/(-55) - -4). Calculate c(w).
-11
Suppose -7*o + 19*o = 36. Let i = -10 + 11. Let s(a) = -1 + a**3 - i + a**2 + a - a**2 - 4*a**2. Give s(o).
-8
Let h(v) = 2*v**2 + 47*v - 179. Let l(c) = c**2 + 24*c - 86. Let a(o) = 3*h(o) - 5*l(o). Give a(-25).
-7
Let c(t) = -933*t + 6. Let j(b) = 800*b - 7. Let n(l) = 6*c(l) + 7*j(l). Give n(21).
29
Suppose 4*f + 40 - 76 = 0. Let i = f - 7. Suppose -i*o + 12 = 2*c, -o - 6*c + 22 = -c. Let n(y) = -y**2 + y - 2. What is n(o)?
-4
Let g(a) = -933*a**2 + 6 - 908*a**2 - 5*a + 1845*a**2. Calculate g(3).
27
Let z(m) = 39*m + 312. Let l be z(-8). Suppose 2*p - 3*d + 4 = l, -5*d + 2*d - 11 = p. Let v(n) = 4*n + 12. What is v(p)?
-8
Suppose 10*a - 2*a + 28 = 4*a. Let k(u) = u**3 + 7*u**2 + 5*u + 35. Determine k(a).
0
Let f(k) be the second derivative of -k**5/60 - k**4/6 - 35*k**3/6 - 24*k. Let n(u) be the second derivative of f(u). What is n(-7)?
10
Suppose 7 = 2*h + 1. Suppose 0 = -32*c - 1195 + 1963. Suppose 9*v - h*v + c = 0. Let a(u) = u**3 + 3*u**2 - 3*u. Calculate a(v).
-4
Let n = -21 - -9. Let q(u) = -2*u + 182 + 6*u - 2*u - 157. Give q(n).
1
Let i(j) be the first derivative of -15*j**2/2 - 23*j - 3481. Determine i(-6).
67
Let j be (1 + 125)/(-7) - -20. Let d(o) be the third derivative of -2*o**j - 1/24*o**4 - 1/6*o**3 + 1/10*o**5 + 0 + 0*o - 1/120*o**6. What is d(4)?
27
Let d(q) = q**2 + 43*q - 47. Suppose 173 = -66*p + 62*p - 3*j, -89 = 2*p - j. What is d(p)?
-3
Let u(b) be the third derivative of -b**6/240 - 11*b**5/60 - 5*b**4/2 - 110*b**2. Let q(c) be the second derivative of u(c). What is q(-9)?
5
Let c = 122 - -230. Let b = c + -346. Let o(g) = -6*g + 6. Calculate o(b).
-30
Suppose -2*n + 0 = 2. Let u(t) be the first derivative of -17*t**3/3 - t + 48. Give u(n).
-18
Let m(x) = -4*x**2 + 254*x + 130. Let p be m(64). Let t(j) = 7*j**3 + j - 8*j**3 - 2 + 3*j**2 - 3*j. What is t(p)?
-2
Let y(i) = 1050*i**3 + 3 - 1049*i**3 - 6*i - 12*i + 16*i + 2*i**2. Give y(0).
3
Let o(q) = 2*q**3 + 3*q**2 - 4*q + 4. Let k = -13727 - -13723. Calculate o(k).
-60
Suppose 6*v = 15*v - 18. Let t(d) = -2*d - v*d - 6 + 12*d - 7*d. What is t(9)?
3
Let q(y) = -y**2 + 9*y - 5. Let l = -321 + 217. Let o = l - -111. Calculate q(o).
9
L